 the highest common factor of 34 and j?
34
Let l be 3 + 3580 + ((-153)/(-9) - 12). What is the greatest common factor of l and 2028?
156
Let t be 6/(-14) - ((-3358736)/(-28))/(-23). Calculate the highest common divisor of 35 and t.
35
Let b = -2448 + 6441. Calculate the highest common divisor of b and 33.
33
Suppose 11*z - 744 = -557. Let t = -1271 + 1798. Calculate the highest common divisor of t and z.
17
Suppose 0 = 72*k - 82*k + 80. Suppose 0*q + q - 2*x = k, x - 73 = -5*q. Calculate the greatest common divisor of q and 70.
14
Suppose -3349 - 10661 = 30*u. Let p = u + 482. Calculate the greatest common divisor of 150 and p.
15
Let t be (2 - 1212/(-42))/(3/189). What is the greatest common divisor of t and 16?
8
Let i(g) = 2*g**2 - 177*g - 38. Let t be i(-17). Calculate the greatest common factor of t and 21.
21
Suppose -k - 42 = -30*r + 27*r, 0 = -5*r + 4*k + 70. Let q(g) = -g**3 + 14*g**2 + g + 42. Let n be q(r). Calculate the greatest common divisor of 32 and n.
8
Let w(t) = 160*t + 132*t - 249 - 267*t. Let f be w(10). Let a = -2 + 5. Calculate the greatest common divisor of f and a.
1
Let v = 61 + -59. Suppose a = v*z - 10 - 1, -z - 17 = -5*a. Suppose -z*i + 54 = i. What is the greatest common factor of i and 6?
6
Let c(u) = -5*u**3 - 7*u**2 - 3*u + 41. Let k be c(-4). What is the greatest common divisor of 145 and k?
29
Suppose 4*d + 11587 = 5*w + 1271, -8254 = -4*w + 2*d. What is the greatest common factor of w and 903?
129
Suppose 165 = 251*u - 248*u. Let c be (-2)/(-6) + (-32)/(-3). What is the greatest common factor of u and c?
11
Let a = -95 + 158. Let c be (16*14)/(38/133*-28 + 10). Calculate the highest common factor of c and a.
7
Let l(a) = 184*a**2 + 41*a + 8. Let h be l(2). Calculate the greatest common factor of 1330 and h.
14
Suppose -5*s + 5*u = 985, -4*s - 449 - 329 = -2*u. Let d be (-12)/(-21) - s/7. Calculate the greatest common factor of 448 and d.
28
Let y(v) = 1929*v**2 + v + 26. Let d be y(2). What is the greatest common divisor of 363 and d?
121
Let d(v) = 3*v**2 - 283*v + 1677. Let i be d(6). Let h = 154 - 96. Calculate the highest common factor of i and h.
29
Let b be (-144 + 1)*(48/(-12))/4. Let o be -3*1/(-3) - (-7 - 3). Calculate the greatest common divisor of b and o.
11
Let m = -9986 - -11750. Calculate the greatest common factor of m and 189.
63
Let d be (11/(-3))/(17/357). Let w = d + 81. What is the greatest common factor of 32 and w?
4
Let g be 80/6*23868/85 - -5. Calculate the highest common divisor of 23 and g.
23
Let z be (-10)/25 + (-1128)/(-120). What is the highest common divisor of 4671 and z?
9
Let q = 4 - -13. Suppose -a - 4*t + 56 = -90, 4*a + 2*t = 584. Suppose 0 = 151*c - a*c - 255. Calculate the greatest common factor of q and c.
17
Suppose w = -3*o + 2*w + 3139, 0 = -5*o - 2*w + 5250. Suppose 0 = 10*d + o - 3028. Calculate the highest common divisor of 22 and d.
22
Suppose -z = -2*j + 6*j + 62, -6 = -3*z. Let x be j/2 - -1040 - -5. What is the highest common divisor of x and 17?
17
Let f = -16358 + 21048. Calculate the greatest common divisor of f and 28.
14
Let m(n) = -4*n**2 - 21*n + 8. Let z be m(-3). Calculate the highest common divisor of 2471 and z.
7
Let u be ((-168)/(-5))/(4/(-40)*2). Let b = u - -232. What is the highest common factor of b and 2?
2
Let q = -152 - -154. Let x be q/10 + ((-496)/(-20) - 4). What is the greatest common divisor of 1 and x?
1
Suppose 0 = -4*d - 5*s - 20 + 83, 5*d - 2*s = 87. Let u(r) = -r**2 - 28*r + 30. Let x be u(1). What is the greatest common divisor of x and d?
1
Suppose 0*y = -2*y + 126. Let g = 78851 + -78837. Calculate the highest common divisor of y and g.
7
Let n(w) = -w**3 - 46*w**2 - 88*w + 525. Let t be n(-44). Calculate the highest common divisor of t and 3000.
75
Let q = 1755 - 1709. What is the highest common factor of 529 and q?
23
Suppose 3*i + 547 + 287 = 0. Let p = i + 605. Suppose -8*x = -p + 7. What is the highest common divisor of x and 160?
40
Let l = 27259 + -27051. What is the highest common divisor of l and 1586?
26
Suppose 4*c = -2*b + 314, -b - 3*c + 6*c = -177. Suppose 2128 + 927 = -13*p. Let j = -169 - p. What is the greatest common factor of b and j?
33
Let d(z) = 3*z**2 - 11*z + 4*z - 1 + 0*z - z. Let o be d(-6). Suppose -6*b + 7 + 365 = 0. Calculate the greatest common factor of o and b.
31
Let q(a) = -a**2 + 5*a + 13. Let k(s) = -8*s**3 - s**2. Let i be k(-1). Let c be q(i). Let m be 1/(c/3) - -41. What is the greatest common divisor of m and 152?
38
Suppose p - 828 = -4*b, 4*p - 55*b + 60*b = 3279. What is the highest common factor of p and 264?
24
Suppose 230*p = 226*p + 84. Suppose -8*l - 5 + p = 0. What is the highest common factor of 46 and l?
2
Let w(o) = 87*o**3 + 6*o**2 + 12*o - 18. Let u be w(1). Calculate the greatest common divisor of u and 3161.
29
Let v(w) = -2*w - 5. Let k be v(-5). Let o = -51533 - -51608. Calculate the greatest common divisor of o and k.
5
Suppose -61*m + 128384 - 23872 + 139610 = 0. What is the greatest common factor of 2 and m?
2
Let i = -8 + 68. Suppose 0 = -4*j - 4*a + i + 20, 0 = -5*j + 5*a + 110. What is the highest common factor of j and 3?
3
Let f be (-16)/(-24) + 57/9. Let u be 30/40 + (-4045)/(-20). Calculate the highest common factor of f and u.
7
Let q(l) = -l**2 + 49*l - 425. Let y be q(14). Let w = 44 - 5. Calculate the highest common factor of y and w.
13
Let q(k) = k**2 - 136*k + 3840. Let v be q(103). What is the highest common divisor of 1071 and v?
63
Suppose -13*t = -380 + 315 - 455. What is the greatest common divisor of 8 and t?
8
Suppose -o - 351 = -10*o. Suppose -2*q - 13 = 2*q + 3*t, 4*q - t + 17 = 0. Let n(b) = -9*b + 3. Let r be n(q). Calculate the highest common divisor of r and o.
39
Suppose 0 = 4*z + 3*w - 7, 2*w - 14 = 2*z - 7*z. Let y be 182/z + (-34)/68. Calculate the highest common factor of y and 195.
15
Suppose -54*w = -51*w - 72. Suppose -15 + 351 = w*v. What is the greatest common divisor of v and 6?
2
Suppose 3*p + 34 = 25, -4*z = -p - 15. Suppose -z*c - 8*c + 6655 = 0. What is the greatest common factor of 11 and c?
11
Let z be (6/(-8))/((-2)/8). Suppose -z + 4 = d. Let a be -14 + 125 - 6/2*d. What is the highest common factor of a and 72?
36
Let t = 12244 + -11991. Calculate the highest common factor of t and 22.
11
Let o = -100 + 218. Let f = -324 + o. Let d = -78 - f. Calculate the greatest common factor of d and 16.
16
Suppose 3*a = -g - 0*a + 20, -3*g - 4*a = -35. Suppose -g*v = -0*v - 5. Let s = 34 + v. Calculate the greatest common factor of s and 7.
7
Let d(z) = -3*z - 46. Let a(g) = -3*g - 7. Let u be a(3). Let p be d(u). Suppose p*k = -5*k + 322. What is the highest common divisor of 46 and k?
46
Suppose -5*d - 2 = 8. Let h be d + -1 + 111/1. Let i be ((-42)/(-9) - 5)*-36. Calculate the greatest common factor of i and h.
12
Let z be ((2 - (-12)/(-6)) + (-756)/8)*-6. Calculate the greatest common factor of 210 and z.
21
Let k = 5 + -2. Suppose z - 7 = -f, 3*f + k*z - 2*z - 27 = 0. Suppose -9 = -y - 5. Calculate the highest common factor of y and f.
2
Let i be (-644)/(-69)*(-321)/4. Let a = -671 - i. Suppose 4*u - 780 = -0*u. What is the greatest common divisor of a and u?
39
Let h be (1*-2)/((-1)/14). Suppose -5*k - r + 516 = 0, -4*r = -k + r + 98. Suppose -24 = -109*q + k*q. What is the highest common divisor of h and q?
4
Let p(b) = 0*b**3 + 58 + b**3 - 351*b**2 + 319*b**2 - 15*b + 46*b. Let l be p(31). Calculate the highest common factor of l and 406.
58
Let i = -11009 + 13989. What is the greatest common factor of 20 and i?
20
Suppose -6*o + 3*o = -4*l - 19, 0 = -3*l - 3. What is the greatest common divisor of 725 and o?
5
Let w = 7106 - 6676. Calculate the highest common divisor of 21715 and w.
215
Let t(l) = -48*l + 12. Let n(k) = -25*k + 6. Let h(z) = -5*n(z) + 2*t(z). Let w be h(-2). Let r = w + 67. What is the highest common divisor of r and 1?
1
Let l = -26 + -8. Let i be 13/5 - l/85. Suppose 0 = -4*y + 3*o + 22 + 46, -o = -i*y + 46. Calculate the highest common factor of y and 14.
14
Suppose -22*p - 40*p + 585 = -407. What is the highest common divisor of p and 36304?
16
Let b be ((-10)/(-14) - 4/(-14))*1. Let s be -5 - -8 - (-2 + b). What is the greatest common factor of 16 and s?
4
Let r be (13/(-117)*6)/((-1)/(-636)). Le